{"id":7315,"date":"2021-03-11T00:05:15","date_gmt":"2021-03-10T23:05:15","guid":{"rendered":"https:\/\/termovent.pl\/b2b\/?post_type=product&#038;p=7315"},"modified":"2025-08-29T16:20:35","modified_gmt":"2025-08-29T14:20:35","slug":"tacosetter-bypass-solar-185-wewnetrzny-kvs-50-8-30-3-4-x-3-4-cal","status":"publish","type":"product","link":"https:\/\/termovent.pl\/b2b\/katalog\/przeplywomierze-i-regulacja\/tacosetter-bypass-solar-185\/tacosetter-bypass-solar-185-wewnetrzny-kvs-50-8-30-3-4-x-3-4-cal\/","title":{"rendered":"Tacosetter Bypass Solar do 185 st C Taconova 8-30 litr\u00f3w 3\/4&#8243;x3\/4&#8243;"},"content":{"rendered":"<p>ZAW\u00d3R R\u00d3WNOWA\u017b\u0104CO-POMIAROWY Z GWINTEM WEWN\u0118TRZNYM LUB ZEWN\u0118TRZNYM Z ZESTAWEM ZAMYKAJ\u0104CYM<br \/>\nMosi\u0105dz, max temperatura pracy 185\u00b0C, max ci\u015bnienie 16 bar<\/p>\n<p>Typ gwintu: wewn\u0119trzny<br \/>\nGwint: 3\/4 x 3\/4 cal<br \/>\nKVS (m3\/h): 5,0<br \/>\nZakres pomiaru: 8-30 (l\/min)<\/p>\n<p>\u25a0 Dok\u0142adna i szybka regulacja wielko\u015bci nat\u0119\u017cenia przep\u0142ywu, bez konieczno\u015bci stosowania wykres\u00f3w, tabel lub zewn\u0119trznych urz\u0105dze\u0144 pomiarowych<\/p>\n<p>\u25a0 Bezpo\u015bredni odczyt warto\u015bci nat\u0119\u017cenia przep\u0142ywu w l\/min<\/p>\n<p>\u25a0 Odporno\u015b\u0107 na temperatur\u0119, do 185 \u00b0C<\/p>\n<p>\u25a0 Monta\u017c w dowolnej pozycji, brak konieczno\u015bci konserwacji<\/p>\n<p>\u25a0 Kontrola przep\u0142ywu przy pomocy wska\u017anika pomocniczego<\/p>\n<p>\u25a0 Mo\u017cliwo\u015b\u0107 odci\u0119cia przep\u0142ywu (mo\u017cliwe minimalne przecieki)<\/p>\n<p>\u25a0 Niska strata ci\u015bnienia<\/p>\n<p>Gwarancja producenta 2 lata.<\/p>\n","protected":false},"excerpt":{"rendered":"<p>ZAW\u00d3R R\u00d3WNOWA\u017b\u0104CO-POMIAROWY Z GWINTEM WEWN\u0118TRZNYM LUB ZEWN\u0118TRZNYM Z ZESTAWEM ZAMYKAJ\u0104CYM<br \/>\nMosi\u0105dz, max temperatura pracy 185\u00b0C, max ci\u015bnienie 16 bar<\/p>\n<p>\u25a0 Dok\u0142adna i szybka regulacja wielko\u015bci nat\u0119\u017cenia przep\u0142ywu, bez konieczno\u015bci stosowania wykres\u00f3w, tabel lub zewn\u0119trznych urz\u0105dze\u0144 pomiarowych<\/p>\n<p>\u25a0 Bezpo\u015bredni odczyt warto\u015bci nat\u0119\u017cenia przep\u0142ywu w l\/min<\/p>\n<p>\u25a0 Odporno\u015b\u0107 na temperatur\u0119, do 185 \u00b0C<\/p>\n<p>\u25a0 Monta\u017c w dowolnej pozycji, brak konieczno\u015bci konserwacji<\/p>\n<p>\u25a0 Kontrola przep\u0142ywu przy pomocy wska\u017anika pomocniczego<\/p>\n<p>\u25a0 Mo\u017cliwo\u015b\u0107 odci\u0119cia przep\u0142ywu (mo\u017cliwe minimalne przecieki)<\/p>\n<p>\u25a0 Niska strata ci\u015bnienia<\/p>\n<p>Gwarancja producenta 2 lata.<\/p>\n","protected":false},"featured_media":3917,"template":"","meta":{"_acf_changed":false},"pwb-brand":[714],"product_brand":[],"product_cat":[120,208],"product_tag":[],"class_list":{"0":"post-7315","1":"product","2":"type-product","3":"status-publish","4":"has-post-thumbnail","6":"pwb-brand-taconova","7":"product_cat-przeplywomierze-i-regulacja","8":"product_cat-tacosetter-bypass-solar-185","10":"first","11":"instock","12":"taxable","13":"shipping-taxable","14":"purchasable","15":"product-type-simple"},"acf":[],"yoast_head":"<!-- This site is optimized with the Yoast SEO plugin v26.8 - https:\/\/yoast.com\/product\/yoast-seo-wordpress\/ -->\n<title>Tacosetter Bypass Solar do 185 st C Taconova 8-30 litr\u00f3w 3\/4&quot;x3\/4&quot; - Grupa Termovent Sp. z o.o.<\/title>\n<meta name=\"robots\" content=\"index, follow, max-snippet:-1, max-image-preview:large, max-video-preview:-1\" \/>\n<link rel=\"canonical\" href=\"https:\/\/termovent.pl\/b2b\/katalog\/przeplywomierze-i-regulacja\/tacosetter-bypass-solar-185\/tacosetter-bypass-solar-185-wewnetrzny-kvs-50-8-30-3-4-x-3-4-cal\/\" \/>\n<meta property=\"og:locale\" content=\"pl_PL\" \/>\n<meta property=\"og:type\" content=\"article\" \/>\n<meta property=\"og:title\" content=\"Tacosetter Bypass Solar do 185 st C Taconova 8-30 litr\u00f3w 3\/4&quot;x3\/4&quot; - Grupa Termovent Sp. z o.o.\" \/>\n<meta property=\"og:description\" content=\"ZAW\u00d3R R\u00d3WNOWA\u017b\u0104CO-POMIAROWY Z GWINTEM WEWN\u0118TRZNYM LUB ZEWN\u0118TRZNYM Z ZESTAWEM ZAMYKAJ\u0104CYM Mosi\u0105dz, max temperatura pracy 185\u00b0C, max ci\u015bnienie 16 bar  \u25a0 Dok\u0142adna i szybka regulacja wielko\u015bci nat\u0119\u017cenia przep\u0142ywu, bez konieczno\u015bci stosowania wykres\u00f3w, tabel lub zewn\u0119trznych urz\u0105dze\u0144 pomiarowych  \u25a0 Bezpo\u015bredni odczyt warto\u015bci nat\u0119\u017cenia przep\u0142ywu w l\/min  \u25a0 Odporno\u015b\u0107 na temperatur\u0119, do 185 \u00b0C  \u25a0 Monta\u017c w dowolnej pozycji, brak konieczno\u015bci konserwacji  \u25a0 Kontrola przep\u0142ywu przy pomocy wska\u017anika pomocniczego  \u25a0 Mo\u017cliwo\u015b\u0107 odci\u0119cia przep\u0142ywu (mo\u017cliwe minimalne przecieki)  \u25a0 Niska strata ci\u015bnienia  Gwarancja producenta 2 lata.\" \/>\n<meta property=\"og:url\" content=\"https:\/\/termovent.pl\/b2b\/katalog\/przeplywomierze-i-regulacja\/tacosetter-bypass-solar-185\/tacosetter-bypass-solar-185-wewnetrzny-kvs-50-8-30-3-4-x-3-4-cal\/\" \/>\n<meta property=\"og:site_name\" content=\"Grupa Termovent Sp. z o.o.\" \/>\n<meta property=\"article:modified_time\" content=\"2025-08-29T14:20:35+00:00\" \/>\n<meta property=\"og:image\" content=\"https:\/\/termovent.pl\/b2b\/wp-content\/uploads\/2020\/09\/av23_setter-bypass-sd_solar-1.jpg\" \/>\n\t<meta property=\"og:image:width\" content=\"600\" \/>\n\t<meta property=\"og:image:height\" content=\"800\" \/>\n\t<meta property=\"og:image:type\" content=\"image\/jpeg\" \/>\n<meta name=\"twitter:card\" content=\"summary_large_image\" \/>\n<meta name=\"twitter:label1\" content=\"Szacowany czas czytania\" \/>\n\t<meta name=\"twitter:data1\" content=\"1 minuta\" \/>\n<script type=\"application\/ld+json\" class=\"yoast-schema-graph\">{\"@context\":\"https:\/\/schema.org\",\"@graph\":[{\"@type\":\"WebPage\",\"@id\":\"https:\/\/termovent.pl\/b2b\/katalog\/przeplywomierze-i-regulacja\/tacosetter-bypass-solar-185\/tacosetter-bypass-solar-185-wewnetrzny-kvs-50-8-30-3-4-x-3-4-cal\/\",\"url\":\"https:\/\/termovent.pl\/b2b\/katalog\/przeplywomierze-i-regulacja\/tacosetter-bypass-solar-185\/tacosetter-bypass-solar-185-wewnetrzny-kvs-50-8-30-3-4-x-3-4-cal\/\",\"name\":\"Tacosetter Bypass Solar do 185 st C Taconova 8-30 litr\u00f3w 3\/4\\\"x3\/4\\\" - Grupa Termovent Sp. z o.o.\",\"isPartOf\":{\"@id\":\"https:\/\/termovent.pl\/b2b\/#website\"},\"primaryImageOfPage\":{\"@id\":\"https:\/\/termovent.pl\/b2b\/katalog\/przeplywomierze-i-regulacja\/tacosetter-bypass-solar-185\/tacosetter-bypass-solar-185-wewnetrzny-kvs-50-8-30-3-4-x-3-4-cal\/#primaryimage\"},\"image\":{\"@id\":\"https:\/\/termovent.pl\/b2b\/katalog\/przeplywomierze-i-regulacja\/tacosetter-bypass-solar-185\/tacosetter-bypass-solar-185-wewnetrzny-kvs-50-8-30-3-4-x-3-4-cal\/#primaryimage\"},\"thumbnailUrl\":\"https:\/\/termovent.pl\/b2b\/wp-content\/uploads\/2020\/09\/av23_setter-bypass-sd_solar-1.jpg\",\"datePublished\":\"2021-03-10T23:05:15+00:00\",\"dateModified\":\"2025-08-29T14:20:35+00:00\",\"breadcrumb\":{\"@id\":\"https:\/\/termovent.pl\/b2b\/katalog\/przeplywomierze-i-regulacja\/tacosetter-bypass-solar-185\/tacosetter-bypass-solar-185-wewnetrzny-kvs-50-8-30-3-4-x-3-4-cal\/#breadcrumb\"},\"inLanguage\":\"pl-PL\",\"potentialAction\":[{\"@type\":\"ReadAction\",\"target\":[\"https:\/\/termovent.pl\/b2b\/katalog\/przeplywomierze-i-regulacja\/tacosetter-bypass-solar-185\/tacosetter-bypass-solar-185-wewnetrzny-kvs-50-8-30-3-4-x-3-4-cal\/\"]}]},{\"@type\":\"ImageObject\",\"inLanguage\":\"pl-PL\",\"@id\":\"https:\/\/termovent.pl\/b2b\/katalog\/przeplywomierze-i-regulacja\/tacosetter-bypass-solar-185\/tacosetter-bypass-solar-185-wewnetrzny-kvs-50-8-30-3-4-x-3-4-cal\/#primaryimage\",\"url\":\"https:\/\/termovent.pl\/b2b\/wp-content\/uploads\/2020\/09\/av23_setter-bypass-sd_solar-1.jpg\",\"contentUrl\":\"https:\/\/termovent.pl\/b2b\/wp-content\/uploads\/2020\/09\/av23_setter-bypass-sd_solar-1.jpg\",\"width\":600,\"height\":800},{\"@type\":\"BreadcrumbList\",\"@id\":\"https:\/\/termovent.pl\/b2b\/katalog\/przeplywomierze-i-regulacja\/tacosetter-bypass-solar-185\/tacosetter-bypass-solar-185-wewnetrzny-kvs-50-8-30-3-4-x-3-4-cal\/#breadcrumb\",\"itemListElement\":[{\"@type\":\"ListItem\",\"position\":1,\"name\":\"Strona g\u0142\u00f3wna\",\"item\":\"https:\/\/termovent.pl\/b2b\/\"},{\"@type\":\"ListItem\",\"position\":2,\"name\":\"Katalog\",\"item\":\"https:\/\/termovent.pl\/b2b\/katalog\/\"},{\"@type\":\"ListItem\",\"position\":3,\"name\":\"Tacosetter Bypass Solar do 185 st C Taconova 8-30 litr\u00f3w 3\/4&#8243;x3\/4&#8243;\"}]},{\"@type\":\"WebSite\",\"@id\":\"https:\/\/termovent.pl\/b2b\/#website\",\"url\":\"https:\/\/termovent.pl\/b2b\/\",\"name\":\"Grupa Termovent Sp. z o.o.\",\"description\":\"PLATFORMA B2B\",\"publisher\":{\"@id\":\"https:\/\/termovent.pl\/b2b\/#organization\"},\"potentialAction\":[{\"@type\":\"SearchAction\",\"target\":{\"@type\":\"EntryPoint\",\"urlTemplate\":\"https:\/\/termovent.pl\/b2b\/?s={search_term_string}\"},\"query-input\":{\"@type\":\"PropertyValueSpecification\",\"valueRequired\":true,\"valueName\":\"search_term_string\"}}],\"inLanguage\":\"pl-PL\"},{\"@type\":\"Organization\",\"@id\":\"https:\/\/termovent.pl\/b2b\/#organization\",\"name\":\"GrupaTermovent\",\"url\":\"https:\/\/termovent.pl\/b2b\/\",\"logo\":{\"@type\":\"ImageObject\",\"inLanguage\":\"pl-PL\",\"@id\":\"https:\/\/termovent.pl\/b2b\/#\/schema\/logo\/image\/\",\"url\":\"https:\/\/termovent.pl\/b2b\/wp-content\/uploads\/2020\/08\/logo-termovent.png\",\"contentUrl\":\"https:\/\/termovent.pl\/b2b\/wp-content\/uploads\/2020\/08\/logo-termovent.png\",\"width\":401,\"height\":76,\"caption\":\"GrupaTermovent\"},\"image\":{\"@id\":\"https:\/\/termovent.pl\/b2b\/#\/schema\/logo\/image\/\"}}]}<\/script>\n<!-- \/ Yoast SEO plugin. -->","yoast_head_json":{"title":"Tacosetter Bypass Solar do 185 st C Taconova 8-30 litr\u00f3w 3\/4\"x3\/4\" - Grupa Termovent Sp. z o.o.","robots":{"index":"index","follow":"follow","max-snippet":"max-snippet:-1","max-image-preview":"max-image-preview:large","max-video-preview":"max-video-preview:-1"},"canonical":"https:\/\/termovent.pl\/b2b\/katalog\/przeplywomierze-i-regulacja\/tacosetter-bypass-solar-185\/tacosetter-bypass-solar-185-wewnetrzny-kvs-50-8-30-3-4-x-3-4-cal\/","og_locale":"pl_PL","og_type":"article","og_title":"Tacosetter Bypass Solar do 185 st C Taconova 8-30 litr\u00f3w 3\/4\"x3\/4\" - Grupa Termovent Sp. z o.o.","og_description":"ZAW\u00d3R R\u00d3WNOWA\u017b\u0104CO-POMIAROWY Z GWINTEM WEWN\u0118TRZNYM LUB ZEWN\u0118TRZNYM Z ZESTAWEM ZAMYKAJ\u0104CYM Mosi\u0105dz, max temperatura pracy 185\u00b0C, max ci\u015bnienie 16 bar  \u25a0 Dok\u0142adna i szybka regulacja wielko\u015bci nat\u0119\u017cenia przep\u0142ywu, bez konieczno\u015bci stosowania wykres\u00f3w, tabel lub zewn\u0119trznych urz\u0105dze\u0144 pomiarowych  \u25a0 Bezpo\u015bredni odczyt warto\u015bci nat\u0119\u017cenia przep\u0142ywu w l\/min  \u25a0 Odporno\u015b\u0107 na temperatur\u0119, do 185 \u00b0C  \u25a0 Monta\u017c w dowolnej pozycji, brak konieczno\u015bci konserwacji  \u25a0 Kontrola przep\u0142ywu przy pomocy wska\u017anika pomocniczego  \u25a0 Mo\u017cliwo\u015b\u0107 odci\u0119cia przep\u0142ywu (mo\u017cliwe minimalne przecieki)  \u25a0 Niska strata ci\u015bnienia  Gwarancja producenta 2 lata.","og_url":"https:\/\/termovent.pl\/b2b\/katalog\/przeplywomierze-i-regulacja\/tacosetter-bypass-solar-185\/tacosetter-bypass-solar-185-wewnetrzny-kvs-50-8-30-3-4-x-3-4-cal\/","og_site_name":"Grupa Termovent Sp. z o.o.","article_modified_time":"2025-08-29T14:20:35+00:00","og_image":[{"width":600,"height":800,"url":"https:\/\/termovent.pl\/b2b\/wp-content\/uploads\/2020\/09\/av23_setter-bypass-sd_solar-1.jpg","type":"image\/jpeg"}],"twitter_card":"summary_large_image","twitter_misc":{"Szacowany czas czytania":"1 minuta"},"schema":{"@context":"https:\/\/schema.org","@graph":[{"@type":"WebPage","@id":"https:\/\/termovent.pl\/b2b\/katalog\/przeplywomierze-i-regulacja\/tacosetter-bypass-solar-185\/tacosetter-bypass-solar-185-wewnetrzny-kvs-50-8-30-3-4-x-3-4-cal\/","url":"https:\/\/termovent.pl\/b2b\/katalog\/przeplywomierze-i-regulacja\/tacosetter-bypass-solar-185\/tacosetter-bypass-solar-185-wewnetrzny-kvs-50-8-30-3-4-x-3-4-cal\/","name":"Tacosetter Bypass Solar do 185 st C Taconova 8-30 litr\u00f3w 3\/4\"x3\/4\" - Grupa Termovent Sp. z o.o.","isPartOf":{"@id":"https:\/\/termovent.pl\/b2b\/#website"},"primaryImageOfPage":{"@id":"https:\/\/termovent.pl\/b2b\/katalog\/przeplywomierze-i-regulacja\/tacosetter-bypass-solar-185\/tacosetter-bypass-solar-185-wewnetrzny-kvs-50-8-30-3-4-x-3-4-cal\/#primaryimage"},"image":{"@id":"https:\/\/termovent.pl\/b2b\/katalog\/przeplywomierze-i-regulacja\/tacosetter-bypass-solar-185\/tacosetter-bypass-solar-185-wewnetrzny-kvs-50-8-30-3-4-x-3-4-cal\/#primaryimage"},"thumbnailUrl":"https:\/\/termovent.pl\/b2b\/wp-content\/uploads\/2020\/09\/av23_setter-bypass-sd_solar-1.jpg","datePublished":"2021-03-10T23:05:15+00:00","dateModified":"2025-08-29T14:20:35+00:00","breadcrumb":{"@id":"https:\/\/termovent.pl\/b2b\/katalog\/przeplywomierze-i-regulacja\/tacosetter-bypass-solar-185\/tacosetter-bypass-solar-185-wewnetrzny-kvs-50-8-30-3-4-x-3-4-cal\/#breadcrumb"},"inLanguage":"pl-PL","potentialAction":[{"@type":"ReadAction","target":["https:\/\/termovent.pl\/b2b\/katalog\/przeplywomierze-i-regulacja\/tacosetter-bypass-solar-185\/tacosetter-bypass-solar-185-wewnetrzny-kvs-50-8-30-3-4-x-3-4-cal\/"]}]},{"@type":"ImageObject","inLanguage":"pl-PL","@id":"https:\/\/termovent.pl\/b2b\/katalog\/przeplywomierze-i-regulacja\/tacosetter-bypass-solar-185\/tacosetter-bypass-solar-185-wewnetrzny-kvs-50-8-30-3-4-x-3-4-cal\/#primaryimage","url":"https:\/\/termovent.pl\/b2b\/wp-content\/uploads\/2020\/09\/av23_setter-bypass-sd_solar-1.jpg","contentUrl":"https:\/\/termovent.pl\/b2b\/wp-content\/uploads\/2020\/09\/av23_setter-bypass-sd_solar-1.jpg","width":600,"height":800},{"@type":"BreadcrumbList","@id":"https:\/\/termovent.pl\/b2b\/katalog\/przeplywomierze-i-regulacja\/tacosetter-bypass-solar-185\/tacosetter-bypass-solar-185-wewnetrzny-kvs-50-8-30-3-4-x-3-4-cal\/#breadcrumb","itemListElement":[{"@type":"ListItem","position":1,"name":"Strona g\u0142\u00f3wna","item":"https:\/\/termovent.pl\/b2b\/"},{"@type":"ListItem","position":2,"name":"Katalog","item":"https:\/\/termovent.pl\/b2b\/katalog\/"},{"@type":"ListItem","position":3,"name":"Tacosetter Bypass Solar do 185 st C Taconova 8-30 litr\u00f3w 3\/4&#8243;x3\/4&#8243;"}]},{"@type":"WebSite","@id":"https:\/\/termovent.pl\/b2b\/#website","url":"https:\/\/termovent.pl\/b2b\/","name":"Grupa Termovent Sp. z o.o.","description":"PLATFORMA B2B","publisher":{"@id":"https:\/\/termovent.pl\/b2b\/#organization"},"potentialAction":[{"@type":"SearchAction","target":{"@type":"EntryPoint","urlTemplate":"https:\/\/termovent.pl\/b2b\/?s={search_term_string}"},"query-input":{"@type":"PropertyValueSpecification","valueRequired":true,"valueName":"search_term_string"}}],"inLanguage":"pl-PL"},{"@type":"Organization","@id":"https:\/\/termovent.pl\/b2b\/#organization","name":"GrupaTermovent","url":"https:\/\/termovent.pl\/b2b\/","logo":{"@type":"ImageObject","inLanguage":"pl-PL","@id":"https:\/\/termovent.pl\/b2b\/#\/schema\/logo\/image\/","url":"https:\/\/termovent.pl\/b2b\/wp-content\/uploads\/2020\/08\/logo-termovent.png","contentUrl":"https:\/\/termovent.pl\/b2b\/wp-content\/uploads\/2020\/08\/logo-termovent.png","width":401,"height":76,"caption":"GrupaTermovent"},"image":{"@id":"https:\/\/termovent.pl\/b2b\/#\/schema\/logo\/image\/"}}]}},"brands":[{"id":714,"name":"Taconova","slug":"taconova"}],"_links":{"self":[{"href":"https:\/\/termovent.pl\/b2b\/wp-json\/wp\/v2\/product\/7315","targetHints":{"allow":["GET"]}}],"collection":[{"href":"https:\/\/termovent.pl\/b2b\/wp-json\/wp\/v2\/product"}],"about":[{"href":"https:\/\/termovent.pl\/b2b\/wp-json\/wp\/v2\/types\/product"}],"wp:featuredmedia":[{"embeddable":true,"href":"https:\/\/termovent.pl\/b2b\/wp-json\/wp\/v2\/media\/3917"}],"wp:attachment":[{"href":"https:\/\/termovent.pl\/b2b\/wp-json\/wp\/v2\/media?parent=7315"}],"wp:term":[{"taxonomy":"pwb-brand","embeddable":true,"href":"https:\/\/termovent.pl\/b2b\/wp-json\/wp\/v2\/pwb-brand?post=7315"},{"taxonomy":"product_brand","embeddable":true,"href":"https:\/\/termovent.pl\/b2b\/wp-json\/wp\/v2\/product_brand?post=7315"},{"taxonomy":"product_cat","embeddable":true,"href":"https:\/\/termovent.pl\/b2b\/wp-json\/wp\/v2\/product_cat?post=7315"},{"taxonomy":"product_tag","embeddable":true,"href":"https:\/\/termovent.pl\/b2b\/wp-json\/wp\/v2\/product_tag?post=7315"}],"curies":[{"name":"wp","href":"https:\/\/api.w.org\/{rel}","templated":true}]}}