{"id":6558,"date":"2021-01-28T19:47:25","date_gmt":"2021-01-28T18:47:25","guid":{"rendered":"https:\/\/termovent.pl\/b2b\/?page_id=6558"},"modified":"2021-01-28T20:01:11","modified_gmt":"2021-01-28T19:01:11","slug":"biz","status":"publish","type":"page","link":"https:\/\/termovent.pl\/b2b\/biz\/","title":{"rendered":"Biznes"},"content":{"rendered":"<div class=\"wpb-content-wrapper\"><p>[vc_row][vc_column][vc_custom_heading text=&#8221;BIZnesowe&#8221; font_container=&#8221;tag:h1|font_size:26|text_align:center&#8221;][\/vc_column][\/vc_row][vc_row][vc_column width=&#8221;1\/3&#8243;][vc_cta h2=&#8221;&#8221; h4=&#8221;Uzdatnianie wody Win-Win&#8221; color=&#8221;blue&#8221; add_button=&#8221;right&#8221; btn_title=&#8221;Przejd\u017a&#8221; btn_style=&#8221;outline&#8221; btn_size=&#8221;xs&#8221; btn_align=&#8221;right&#8221; btn_i_align=&#8221;right&#8221; btn_i_icon_fontawesome=&#8221;fas fa-arrow-right&#8221; btn_skin=&#8221;primary&#8221; btn_add_icon=&#8221;true&#8221; btn_link=&#8221;url:https%3A%2F%2Ftermovent.pl%2Fb2b%2Fbiz%2Fuzdatnianie-wody-win-win%2F|title:Przejd%C5%BA|target:_blank&#8221; css=&#8221;.vc_custom_1611859752776{padding-top: 15px !important;padding-right: 20px !important;padding-bottom: 15px !important;padding-left: 20px !important;}&#8221; el_class=&#8221;custom-box&#8221;][\/vc_cta][\/vc_column][vc_column width=&#8221;1\/3&#8243;][vc_cta h2=&#8221;&#8221; h4=&#8221;Pomys\u0142 wsp\u00f3\u0142pracy z Producentami&#8221; color=&#8221;blue&#8221; add_button=&#8221;right&#8221; btn_title=&#8221;Przejd\u017a&#8221; btn_style=&#8221;outline&#8221; btn_size=&#8221;xs&#8221; btn_align=&#8221;right&#8221; btn_i_align=&#8221;right&#8221; btn_i_icon_fontawesome=&#8221;fas fa-arrow-right&#8221; btn_skin=&#8221;primary&#8221; btn_add_icon=&#8221;true&#8221; btn_link=&#8221;url:https%3A%2F%2Ftermovent.pl%2Fb2b%2Fbiz%2Fpomysl-wspolpracy-z-producentami%2F|title:Przejd%C5%BA|target:_blank&#8221; css=&#8221;.vc_custom_1611859924808{padding-top: 15px !important;padding-right: 20px !important;padding-bottom: 15px !important;padding-left: 20px !important;}&#8221; el_class=&#8221;custom-box&#8221;][\/vc_cta][\/vc_column][vc_column width=&#8221;1\/3&#8243;][\/vc_column][\/vc_row]<\/p>\n<\/div>","protected":false},"excerpt":{"rendered":"<p>[vc_row][vc_column][vc_custom_heading text=&#8221;BIZnesowe&#8221; font_container=&#8221;tag:h1|font_size:26|text_align:center&#8221;][\/vc_column][\/vc_row][vc_row][vc_column width=&#8221;1\/3&#8243;][vc_cta h2=&#8221;&#8221; h4=&#8221;Uzdatnianie wody Win-Win&#8221; color=&#8221;blue&#8221; add_button=&#8221;right&#8221; btn_title=&#8221;Przejd\u017a&#8221; btn_style=&#8221;outline&#8221; btn_size=&#8221;xs&#8221; btn_align=&#8221;right&#8221; btn_i_align=&#8221;right&#8221; btn_i_icon_fontawesome=&#8221;fas fa-arrow-right&#8221; btn_skin=&#8221;primary&#8221; btn_add_icon=&#8221;true&#8221; btn_link=&#8221;url:https%3A%2F%2Ftermovent.pl%2Fb2b%2Fbiz%2Fuzdatnianie-wody-win-win%2F|title:Przejd%C5%BA|target:_blank&#8221; css=&#8221;.vc_custom_1611859752776{padding-top: 15px !important;padding-right: 20px !important;padding-bottom: 15px !important;padding-left: 20px !important;}&#8221; el_class=&#8221;custom-box&#8221;][\/vc_cta][\/vc_column][vc_column width=&#8221;1\/3&#8243;][vc_cta h2=&#8221;&#8221; h4=&#8221;Pomys\u0142 wsp\u00f3\u0142pracy z Producentami&#8221; color=&#8221;blue&#8221; add_button=&#8221;right&#8221; btn_title=&#8221;Przejd\u017a&#8221; btn_style=&#8221;outline&#8221; btn_size=&#8221;xs&#8221; btn_align=&#8221;right&#8221; btn_i_align=&#8221;right&#8221; btn_i_icon_fontawesome=&#8221;fas fa-arrow-right&#8221; btn_skin=&#8221;primary&#8221; btn_add_icon=&#8221;true&#8221; btn_link=&#8221;url:https%3A%2F%2Ftermovent.pl%2Fb2b%2Fbiz%2Fpomysl-wspolpracy-z-producentami%2F|title:Przejd%C5%BA|target:_blank&#8221; css=&#8221;.vc_custom_1611859924808{padding-top: 15px !important;padding-right: 20px !important;padding-bottom: 15px !important;padding-left: [&hellip;]<\/p>\n","protected":false},"author":1,"featured_media":0,"parent":0,"menu_order":0,"comment_status":"closed","ping_status":"closed","template":"","meta":{"_acf_changed":false,"footnotes":""},"class_list":["post-6558","page","type-page","status-publish","hentry"],"acf":[],"yoast_head":"<!-- This site is optimized with the Yoast SEO plugin v26.8 - https:\/\/yoast.com\/product\/yoast-seo-wordpress\/ -->\n<title>Biznes - Grupa Termovent Sp. z o.o.<\/title>\n<meta name=\"robots\" content=\"index, follow, max-snippet:-1, max-image-preview:large, max-video-preview:-1\" \/>\n<link rel=\"canonical\" href=\"https:\/\/termovent.pl\/b2b\/biz\/\" \/>\n<meta property=\"og:locale\" content=\"pl_PL\" \/>\n<meta property=\"og:type\" content=\"article\" \/>\n<meta property=\"og:title\" content=\"Biznes - Grupa Termovent Sp. z o.o.\" \/>\n<meta property=\"og:description\" content=\"[vc_row][vc_column][vc_custom_heading text=&#8221;BIZnesowe&#8221; font_container=&#8221;tag:h1|font_size:26|text_align:center&#8221;][\/vc_column][\/vc_row][vc_row][vc_column width=&#8221;1\/3&#8243;][vc_cta h2=&#8221;&#8221; h4=&#8221;Uzdatnianie wody Win-Win&#8221; color=&#8221;blue&#8221; add_button=&#8221;right&#8221; btn_title=&#8221;Przejd\u017a&#8221; btn_style=&#8221;outline&#8221; btn_size=&#8221;xs&#8221; btn_align=&#8221;right&#8221; btn_i_align=&#8221;right&#8221; btn_i_icon_fontawesome=&#8221;fas fa-arrow-right&#8221; btn_skin=&#8221;primary&#8221; btn_add_icon=&#8221;true&#8221; btn_link=&#8221;url:https%3A%2F%2Ftermovent.pl%2Fb2b%2Fbiz%2Fuzdatnianie-wody-win-win%2F|title:Przejd%C5%BA|target:_blank&#8221; css=&#8221;.vc_custom_1611859752776{padding-top: 15px !important;padding-right: 20px !important;padding-bottom: 15px !important;padding-left: 20px !important;}&#8221; el_class=&#8221;custom-box&#8221;][\/vc_cta][\/vc_column][vc_column width=&#8221;1\/3&#8243;][vc_cta h2=&#8221;&#8221; h4=&#8221;Pomys\u0142 wsp\u00f3\u0142pracy z Producentami&#8221; color=&#8221;blue&#8221; add_button=&#8221;right&#8221; btn_title=&#8221;Przejd\u017a&#8221; btn_style=&#8221;outline&#8221; btn_size=&#8221;xs&#8221; btn_align=&#8221;right&#8221; btn_i_align=&#8221;right&#8221; btn_i_icon_fontawesome=&#8221;fas fa-arrow-right&#8221; btn_skin=&#8221;primary&#8221; btn_add_icon=&#8221;true&#8221; btn_link=&#8221;url:https%3A%2F%2Ftermovent.pl%2Fb2b%2Fbiz%2Fpomysl-wspolpracy-z-producentami%2F|title:Przejd%C5%BA|target:_blank&#8221; css=&#8221;.vc_custom_1611859924808{padding-top: 15px !important;padding-right: 20px !important;padding-bottom: 15px !important;padding-left: [&hellip;]\" \/>\n<meta property=\"og:url\" content=\"https:\/\/termovent.pl\/b2b\/biz\/\" \/>\n<meta property=\"og:site_name\" content=\"Grupa Termovent Sp. z o.o.\" \/>\n<meta property=\"article:modified_time\" content=\"2021-01-28T19:01:11+00:00\" \/>\n<meta name=\"twitter:card\" content=\"summary_large_image\" \/>\n<meta name=\"twitter:label1\" content=\"Szacowany czas czytania\" \/>\n\t<meta name=\"twitter:data1\" content=\"1 minuta\" \/>\n<script type=\"application\/ld+json\" class=\"yoast-schema-graph\">{\"@context\":\"https:\/\/schema.org\",\"@graph\":[{\"@type\":\"WebPage\",\"@id\":\"https:\/\/termovent.pl\/b2b\/biz\/\",\"url\":\"https:\/\/termovent.pl\/b2b\/biz\/\",\"name\":\"Biznes - Grupa Termovent Sp. z o.o.\",\"isPartOf\":{\"@id\":\"https:\/\/termovent.pl\/b2b\/#website\"},\"datePublished\":\"2021-01-28T18:47:25+00:00\",\"dateModified\":\"2021-01-28T19:01:11+00:00\",\"breadcrumb\":{\"@id\":\"https:\/\/termovent.pl\/b2b\/biz\/#breadcrumb\"},\"inLanguage\":\"pl-PL\",\"potentialAction\":[{\"@type\":\"ReadAction\",\"target\":[\"https:\/\/termovent.pl\/b2b\/biz\/\"]}]},{\"@type\":\"BreadcrumbList\",\"@id\":\"https:\/\/termovent.pl\/b2b\/biz\/#breadcrumb\",\"itemListElement\":[{\"@type\":\"ListItem\",\"position\":1,\"name\":\"Strona g\u0142\u00f3wna\",\"item\":\"https:\/\/termovent.pl\/b2b\/\"},{\"@type\":\"ListItem\",\"position\":2,\"name\":\"Biznes\"}]},{\"@type\":\"WebSite\",\"@id\":\"https:\/\/termovent.pl\/b2b\/#website\",\"url\":\"https:\/\/termovent.pl\/b2b\/\",\"name\":\"Grupa Termovent Sp. z o.o.\",\"description\":\"PLATFORMA B2B\",\"publisher\":{\"@id\":\"https:\/\/termovent.pl\/b2b\/#organization\"},\"potentialAction\":[{\"@type\":\"SearchAction\",\"target\":{\"@type\":\"EntryPoint\",\"urlTemplate\":\"https:\/\/termovent.pl\/b2b\/?s={search_term_string}\"},\"query-input\":{\"@type\":\"PropertyValueSpecification\",\"valueRequired\":true,\"valueName\":\"search_term_string\"}}],\"inLanguage\":\"pl-PL\"},{\"@type\":\"Organization\",\"@id\":\"https:\/\/termovent.pl\/b2b\/#organization\",\"name\":\"GrupaTermovent\",\"url\":\"https:\/\/termovent.pl\/b2b\/\",\"logo\":{\"@type\":\"ImageObject\",\"inLanguage\":\"pl-PL\",\"@id\":\"https:\/\/termovent.pl\/b2b\/#\/schema\/logo\/image\/\",\"url\":\"https:\/\/termovent.pl\/b2b\/wp-content\/uploads\/2020\/08\/logo-termovent.png\",\"contentUrl\":\"https:\/\/termovent.pl\/b2b\/wp-content\/uploads\/2020\/08\/logo-termovent.png\",\"width\":401,\"height\":76,\"caption\":\"GrupaTermovent\"},\"image\":{\"@id\":\"https:\/\/termovent.pl\/b2b\/#\/schema\/logo\/image\/\"}}]}<\/script>\n<!-- \/ Yoast SEO plugin. -->","yoast_head_json":{"title":"Biznes - Grupa Termovent Sp. z o.o.","robots":{"index":"index","follow":"follow","max-snippet":"max-snippet:-1","max-image-preview":"max-image-preview:large","max-video-preview":"max-video-preview:-1"},"canonical":"https:\/\/termovent.pl\/b2b\/biz\/","og_locale":"pl_PL","og_type":"article","og_title":"Biznes - Grupa Termovent Sp. z o.o.","og_description":"[vc_row][vc_column][vc_custom_heading text=&#8221;BIZnesowe&#8221; font_container=&#8221;tag:h1|font_size:26|text_align:center&#8221;][\/vc_column][\/vc_row][vc_row][vc_column width=&#8221;1\/3&#8243;][vc_cta h2=&#8221;&#8221; h4=&#8221;Uzdatnianie wody Win-Win&#8221; color=&#8221;blue&#8221; add_button=&#8221;right&#8221; btn_title=&#8221;Przejd\u017a&#8221; btn_style=&#8221;outline&#8221; btn_size=&#8221;xs&#8221; btn_align=&#8221;right&#8221; btn_i_align=&#8221;right&#8221; btn_i_icon_fontawesome=&#8221;fas fa-arrow-right&#8221; btn_skin=&#8221;primary&#8221; btn_add_icon=&#8221;true&#8221; btn_link=&#8221;url:https%3A%2F%2Ftermovent.pl%2Fb2b%2Fbiz%2Fuzdatnianie-wody-win-win%2F|title:Przejd%C5%BA|target:_blank&#8221; css=&#8221;.vc_custom_1611859752776{padding-top: 15px !important;padding-right: 20px !important;padding-bottom: 15px !important;padding-left: 20px !important;}&#8221; el_class=&#8221;custom-box&#8221;][\/vc_cta][\/vc_column][vc_column width=&#8221;1\/3&#8243;][vc_cta h2=&#8221;&#8221; h4=&#8221;Pomys\u0142 wsp\u00f3\u0142pracy z Producentami&#8221; color=&#8221;blue&#8221; add_button=&#8221;right&#8221; btn_title=&#8221;Przejd\u017a&#8221; btn_style=&#8221;outline&#8221; btn_size=&#8221;xs&#8221; btn_align=&#8221;right&#8221; btn_i_align=&#8221;right&#8221; btn_i_icon_fontawesome=&#8221;fas fa-arrow-right&#8221; btn_skin=&#8221;primary&#8221; btn_add_icon=&#8221;true&#8221; btn_link=&#8221;url:https%3A%2F%2Ftermovent.pl%2Fb2b%2Fbiz%2Fpomysl-wspolpracy-z-producentami%2F|title:Przejd%C5%BA|target:_blank&#8221; css=&#8221;.vc_custom_1611859924808{padding-top: 15px !important;padding-right: 20px !important;padding-bottom: 15px !important;padding-left: [&hellip;]","og_url":"https:\/\/termovent.pl\/b2b\/biz\/","og_site_name":"Grupa Termovent Sp. z o.o.","article_modified_time":"2021-01-28T19:01:11+00:00","twitter_card":"summary_large_image","twitter_misc":{"Szacowany czas czytania":"1 minuta"},"schema":{"@context":"https:\/\/schema.org","@graph":[{"@type":"WebPage","@id":"https:\/\/termovent.pl\/b2b\/biz\/","url":"https:\/\/termovent.pl\/b2b\/biz\/","name":"Biznes - Grupa Termovent Sp. z o.o.","isPartOf":{"@id":"https:\/\/termovent.pl\/b2b\/#website"},"datePublished":"2021-01-28T18:47:25+00:00","dateModified":"2021-01-28T19:01:11+00:00","breadcrumb":{"@id":"https:\/\/termovent.pl\/b2b\/biz\/#breadcrumb"},"inLanguage":"pl-PL","potentialAction":[{"@type":"ReadAction","target":["https:\/\/termovent.pl\/b2b\/biz\/"]}]},{"@type":"BreadcrumbList","@id":"https:\/\/termovent.pl\/b2b\/biz\/#breadcrumb","itemListElement":[{"@type":"ListItem","position":1,"name":"Strona g\u0142\u00f3wna","item":"https:\/\/termovent.pl\/b2b\/"},{"@type":"ListItem","position":2,"name":"Biznes"}]},{"@type":"WebSite","@id":"https:\/\/termovent.pl\/b2b\/#website","url":"https:\/\/termovent.pl\/b2b\/","name":"Grupa Termovent Sp. z o.o.","description":"PLATFORMA B2B","publisher":{"@id":"https:\/\/termovent.pl\/b2b\/#organization"},"potentialAction":[{"@type":"SearchAction","target":{"@type":"EntryPoint","urlTemplate":"https:\/\/termovent.pl\/b2b\/?s={search_term_string}"},"query-input":{"@type":"PropertyValueSpecification","valueRequired":true,"valueName":"search_term_string"}}],"inLanguage":"pl-PL"},{"@type":"Organization","@id":"https:\/\/termovent.pl\/b2b\/#organization","name":"GrupaTermovent","url":"https:\/\/termovent.pl\/b2b\/","logo":{"@type":"ImageObject","inLanguage":"pl-PL","@id":"https:\/\/termovent.pl\/b2b\/#\/schema\/logo\/image\/","url":"https:\/\/termovent.pl\/b2b\/wp-content\/uploads\/2020\/08\/logo-termovent.png","contentUrl":"https:\/\/termovent.pl\/b2b\/wp-content\/uploads\/2020\/08\/logo-termovent.png","width":401,"height":76,"caption":"GrupaTermovent"},"image":{"@id":"https:\/\/termovent.pl\/b2b\/#\/schema\/logo\/image\/"}}]}},"_links":{"self":[{"href":"https:\/\/termovent.pl\/b2b\/wp-json\/wp\/v2\/pages\/6558","targetHints":{"allow":["GET"]}}],"collection":[{"href":"https:\/\/termovent.pl\/b2b\/wp-json\/wp\/v2\/pages"}],"about":[{"href":"https:\/\/termovent.pl\/b2b\/wp-json\/wp\/v2\/types\/page"}],"author":[{"embeddable":true,"href":"https:\/\/termovent.pl\/b2b\/wp-json\/wp\/v2\/users\/1"}],"replies":[{"embeddable":true,"href":"https:\/\/termovent.pl\/b2b\/wp-json\/wp\/v2\/comments?post=6558"}],"version-history":[{"count":3,"href":"https:\/\/termovent.pl\/b2b\/wp-json\/wp\/v2\/pages\/6558\/revisions"}],"predecessor-version":[{"id":6572,"href":"https:\/\/termovent.pl\/b2b\/wp-json\/wp\/v2\/pages\/6558\/revisions\/6572"}],"wp:attachment":[{"href":"https:\/\/termovent.pl\/b2b\/wp-json\/wp\/v2\/media?parent=6558"}],"curies":[{"name":"wp","href":"https:\/\/api.w.org\/{rel}","templated":true}]}}